is 4 + -65a6716?
-65a6712
In base 5, what is 42123 + 1010400?
1103023
In base 13, what is 4ca - -1899?
2096
In base 8, what is -250 - -65345?
65075
In base 10, what is -75197 - -70?
-75127
In base 2, what is 101010100110000110 + -111000?
101010100101001110
In base 5, what is -2 + -32320004400?
-32320004402
In base 12, what is 274 - -8801?
8a75
In base 2, what is -10010011111000001101 + 1001?
-10010011111000000100
In base 2, what is 101111001100000111011 + 11100?
101111001100001010111
In base 9, what is -6 + -4821257?
-4821264
In base 6, what is 430224035 - 0?
430224035
In base 4, what is -1013330100 - 130?
-1013330230
In base 12, what is -2 - -a370289?
a370287
In base 4, what is 13 + -2311101112?
-2311101033
In base 11, what is -5 + -843a959?
-843a963
In base 15, what is -a228 - -92?
-a186
In base 14, what is 3 - -3a11308?
3a1130b
In base 3, what is -112202 - 22122111100?
-22200001002
In base 11, what is -14 - 1462317?
-1462330
In base 9, what is 2 - -32806031?
32806033
In base 6, what is -14052325 - -15?
-14052310
In base 10, what is 1286077 + -11?
1286066
In base 15, what is 2e + 4286d?
4289c
In base 6, what is 15 + 55033104?
55033123
In base 14, what is -3c873 - -267?
-3c60a
In base 16, what is -1 - 600b2f?
-600b30
In base 12, what is 11 - 218b950?
-218b93b
In base 4, what is 102333211 + -3333103?
33000102
In base 4, what is -10003330 - 211201?
-10221131
In base 6, what is 3232122224 - -33?
3232122301
In base 15, what is -21ca9 - 3b0?
-22169
In base 16, what is -7aae - -808?
-72a6
In base 7, what is 136065243 + 3?
136065246
In base 4, what is -1303 + -2312203210?
-2312211113
In base 14, what is 391 + 1651?
1a02
In base 15, what is 7 + 235ad4?
235adb
In base 5, what is 122420404 + -1231?
122414123
In base 11, what is -128534093 - 2?
-128534095
In base 6, what is 12421 - 1214140?
-1201315
In base 4, what is 200311003122 + -2?
200311003120
In base 9, what is -5878408 - -30?
-5878368
In base 7, what is 3 - 306651302?
-306651266
In base 4, what is 2 - -11200222321?
11200222323
In base 9, what is -2 - -66818755?
66818753
In base 16, what is ac9 - 3c65?
-319c
In base 16, what is -2ba9 + 4?
-2ba5
In base 4, what is 3202010 + -13312?
3122032
In base 4, what is -3 - -21222031323031?
21222031323022
In base 14, what is -1c3 - -328c6?
32703
In base 11, what is -412 + -501299?
-501700
In base 12, what is -4 + -132b58a?
-132b592
In base 16, what is 9 + -1bef8d?
-1bef84
In base 8, what is 41051 + -5435?
33414
In base 5, what is 110031 - -21224342?
21334423
In base 2, what is 110 + -10000101111101000111111?
-10000101111101000111001
In base 11, what is 1690082 + 4?
1690086
In base 8, what is -301367 + 23?
-301344
In base 7, what is 12 - -14330312?
14330324
In base 11, what is -a38007 + -7?
-a38013
In base 7, what is -26150 + 24024?
-2123
In base 7, what is 2 - 150520353?
-150520351
In base 7, what is 1561622 + -3066?
1555523
In base 8, what is -226 + 7750?
7522
In base 16, what is 4166 - 3b8?
3dae
In base 13, what is -17 - -353c9?
353b2
In base 11, what is -1a7 + a2126?
a1a2a
In base 12, what is 18770 + -31b?
18451
In base 2, what is 10 + -101110010111010101110?
-101110010111010101100
In base 5, what is 2111 + 324413121?
324420232
In base 9, what is 8 - 136218?
-136210
In base 10, what is 4 + -1213546?
-1213542
In base 11, what is 9914982 + 1?
9914983
In base 5, what is -2032043043022 + 2?
-2032043043020
In base 12, what is 4 - -343a9b?
343aa3
In base 4, what is 2033 - 20100121?
-20032022
In base 3, what is -1111 - -1212001021021?
1212001012210
In base 16, what is 11 + 51b06?
51b17
In base 7, what is -10630 + 42560?
31630
In base 15, what is -51655999 - -3?
-51655996
In base 15, what is 2 - -206a9b?
206a9d
In base 10, what is 1 + 8328024?
8328025
In base 13, what is ac - -48b57?
48c36
In base 9, what is -5051743 - -3?
-5051740
In base 6, what is 13215 + -1550521?
-1533302
In base 4, what is -3 - -20022030300?
20022030231
In base 15, what is -e769 - -235?
-e534
In base 4, what is 0 + -22233021211?
-22233021211
In base 11, what is 6 + 37aa9a?
37aaa5
In base 16, what is a7 + 35a?
401
In base 2, what is 0 + 100100010001001010101000011?
100100010001001010101000011
In base 14, what is -3 + 54948b8?
54948b5
In base 10, what is -16493 + -375?
-16868
In base 15, what is 0 + -72794a2?
-72794a2
In base 5, what is 12133140030 - -123?
12133140203
In base 6, what is -5 + 300544313?
300544304
In base 9, what is 12373155 - -160?
12373325
In base 13, what is 65 - 70561?
-704c9
In base 7, what is 2342453 + 122?
2342605
In base 12, what is 4 - 603559?
-603555
In base 15, what is b2d1b1 - -3?
b2d1b4
In base 15, what is -9dc0 + a4?
-9d1b
In base 2, what is 100101010010110000 - -1100000011110?
100110110011001110
In base 4, what is -320 - 302321110331?
-302321111311
In base 5, what is 1011 - 2434103?
-2433042
In base 8, what is 16216526 - -12?
16216540
In base 4, what is -112313303122 + -3?
-112313303131
In base 7, what is 104266 + -1424?
102542
In base 10, what is 3031439 + 170?
3031609
In base 10, what is -3 + 1217233?
1217230
In base 11, what is -5 + -a218a9?
-a21903
In base 7, what is -130 - -45456553?
45456423
In base 6, what is -1 - -325215143?
325215142
In base 9, what is -16 + -277811?
-277827
In base 6, what is -12 + 12125123?
12125111
In base 3, what is -1202001212 + 101112?
-1201200100
In base 16, what is -ff3e72 + -1?
-ff3e73
In base 13, what is -4aa65 - 11?
-4aa76
In base 16, what is -8b + 2417?
238c
In base 12, what is -210 - -73b8?
71a8
In base 10, what is -72666985 - -3?
-72666982
In base 2, what is 1011110011100011101110111101 + 100?
1011110011100011101111000001
In base 7, what is -200 - 6353433?
-6353633
In base 2, what is 11101010001 - -101010?
11101111011
In base 4, what is 23101301 + -133210?
22302031
In base 12, what is -37a - -3322?
2b64
In base 13, what is 595 - 65062?
-6479a
In base 10, what is -2425 + -14011?
-16436
In base 11, what is 84318 - -2?
8431a
In base 11, what is 92 - -79121?
79203
In base 2, what is 111000 + -11001000111110000?
-11001000110111000
In base 4, what is -2012 + -3211332?
-3220010
In base 10, what is -128983 - -17?
-128966
In base 14, what is cabd6 + -122?
caab4
In base 11, what is -7 - -2888679?
2888672
In base 16, what is c28 - 214?
a14
In base 7, what is 3256 - -142640?
146226
In base 14, what is -105 - -20986c?
209767
In base 13, what is 67b52 + ba6?
68a28
In base 9, what is 1572711440 - 0?
1572711440
In base 7, what is -1613 + 2366021?
2364105
In base 9, what is -17 - 105605?
-105623
In base 2, what is 10 - 100010001101110101101100000?
-100010001101110101101011110
In base 10, what is 949574863 + 2?
949574865
In base 3, what is -1110002002020 - -2201?
-1110001222112
In base 9, what is -1360074 + -132?
-1360216
In base 13, what is -55ca119 - c?
-55ca128
In base 9, what is -1160052 + 10?
-1160042
In base 3, what is -112000110020222 + -112?
-112000110021111
In base 9, what is 481413 - -16?
481430
In base 12, what is 10bb3 + -334?
1087b
In base 8, what is -43 + -276530?
-276573
In base 14, what is -1b29 + 253?
-18b6
In base 14, what is -48bd8b - -b?
-48bd80
In base 2, what is 1110000011010001111100 - -10011?
1110000011010010001111
In base 9, what is 28 - -56818?
56847
In base 10, what is 5969 - -1641?
7610
In base 8, what is 20454 - -43?
20517
In base 9, what is -167 - 117533?
-117711
In base 14, what is 21d80 + 27c9?
24769
In base 8, what is -5 - 120114041?
-120114046
In base 16, what is 3 + -381e?
-381b
In base 14, what is -48 + 40bcc?
40b84
In base 10, what is -98 - 1914936?
-1915034
In base 14, what is 292d9ab - 4?
292d9a7
In base 10, what is -2188293 + -294?
-2188587
In base 15, what is 2564878 + -3?
2564875
In base 9, what is 121 + 8717623?
8717744
In base 3, what is 10122211011110 + -11?
10122211011022
In base 15, what is 1a2ad3 - -6?
1a2ad9
In base 4, what is -1 + -3023112102012?
-3023112102013
In base 3, what is -122010 + -1022121?
-1221201
In base 14, what is 4c + b6418?
b6466
In base 9, what is -328158 - -12?
-328146
In base 13, what is 1bab - -3a89?
5967
In base 15, what is -c9e0c8d - -8?
-c9e0c85
In base 7, what is 440064243 + 15?
440064261
In base 6, what is 50 + 2250023?
2250113
In base 7, what is -26631 + -553?
-30514
In base 2, what is -11 - -101010001001010100101001?
101010001001010100100110
In base 6, what is 